Calculate m(-50).
40
Let f(k) = 105*k - 32. Give f(1).
73
Let t(q) = 5*q**3 + q**2 + 237*q + 690. Calculate t(-3).
-147
Let h(l) = 3*l**3 + 35*l**2 + 16*l - 24. Calculate h(-11).
42
Let z(v) = v**3 - 6*v**2 - 1031*v + 7162. Give z(7).
-6
Let q(j) = j**3 + j**2 + 12*j + 94. Determine q(-4).
-2
Let h(r) = -r**2 + 31*r - 160. Determine h(7).
8
Let h(r) = -r**3 + 222*r**2 - 914*r + 9161. Give h(218).
5
Let l(k) = -9*k**2 - 326*k - 61. Calculate l(-36).
11
Let z(x) = -784*x - 9517. Give z(-12).
-109
Let v(f) = f**3 + 51*f**2 + 102*f + 9. Give v(-2).
1
Let r(a) = 26*a + 808. Determine r(-30).
28
Let l(b) = -1398*b + 4218. Calculate l(3).
24
Let w(b) = b**3 - 16*b**2 - 16*b + 33. What is w(16)?
-223
Let i(o) = -2*o**2 + 126*o - 9. Calculate i(57).
675
Let v(z) = 3*z**2 + 149*z - 47. Give v(-50).
3
Let k(b) = -2409*b - 31329. Determine k(-13).
-12
Let d(v) = -v**3 + 15*v**2 + 62*v - 932. Determine d(15).
-2
Let f(q) = q**2 - 15*q - 9. What is f(8)?
-65
Let s(u) = -11*u**2 + 913*u + 12. What is s(83)?
12
Let y(t) = t**2 + 5*t + 56. Give y(-8).
80
Let n(o) = 4*o**2 - 23*o - 109. Determine n(0).
-109
Let s(q) = -236*q + 2281. Calculate s(7).
629
Let k(y) = -2*y**3 - 15*y**2 - 31*y + 10. Determine k(-8).
322
Let v(u) = -u**3 + 5*u**2 - 17*u + 9. What is v(0)?
9
Let o(x) = 5*x**2 + 145*x - 1942. Give o(10).
8
Let u(j) = -j**2 + 9*j - 104. Give u(8).
-96
Let s(z) = -12*z - 67. Determine s(0).
-67
Let o(l) = -l**3 - 84*l**2 - 80*l + 399. What is o(-83)?
150
Let w(u) = -374*u + 555. Determine w(3).
-567
Let h(v) = -5*v**2 + 5*v + 19. What is h(-3)?
-41
Let d(s) = 2*s**3 - 102*s**2 + 3*s - 179. Give d(51).
-26
Let l(v) = -61*v - 307. Calculate l(-5).
-2
Let w(p) = 40*p**3 + 520*p**2 + 2. Calculate w(-13).
2
Let f(t) = -t**3 + 14*t**2 + 78*t - 59. Calculate f(18).
49
Let z(t) = 12*t**3 - 206*t**2 + 32*t + 14. Determine z(17).
-20
Let j(f) = 3*f**3 + 29*f**2 + f + 22. Determine j(-10).
-88
Let c(b) = 175*b + 517. Calculate c(-3).
-8
Let a(n) = 81*n - 502. What is a(6)?
-16
Let u(t) = t**3 + 3*t**2 - 10*t. What is u(2)?
0
Let n(m) = -6*m**3 + 238*m**2 + 83*m - 113. Give n(40).
7
Let p(y) = -54*y + 1033. Determine p(15).
223
Let r(b) = -b**3 + 277*b**2 + 570*b - 3353. Give r(279).
-5
Let w(k) = 2*k**2 - 56*k - 2945. What is w(55)?
25
Let k(h) = h**3 - 2*h**2 + 21*h - 156. What is k(5)?
24
Let s(d) = 73*d**2 + 510*d + 28. Determine s(-7).
35
Let h(p) = 62*p - 1219. Calculate h(19).
-41
Let d(a) = 3642*a - 36421. What is d(10)?
-1
Let y(s) = 143*s - 1004. Give y(7).
-3
Let f(c) = 15*c + 97. Determine f(-10).
-53
Let d(l) = -18136*l - 90677. What is d(-5)?
3
Let i(t) = -4*t**2 - 174*t + 266. Calculate i(-45).
-4
Let f(p) = 2*p**3 + 60*p**2 - 4*p + 28. What is f(-30)?
148
Let j(m) = -6*m**3 - 342*m**2 - 6*m - 313. Give j(-57).
29
Let q(l) = 52*l + 1445. What is q(-13)?
769
Let b(f) = 240*f - 36003. Determine b(150).
-3
Let c(b) = b**3 + b**2 + 6*b + 8. Calculate c(3).
62
Let u(f) = -2*f**2 - 62*f + 171. Give u(-30).
231
Let t(i) = -9047*i + 27130. Determine t(3).
-11
Let n(d) = 44*d + 11. Determine n(0).
11
Let l(y) = -131*y + 398. Give l(3).
5
Let b(s) = 45*s**2 - 77*s + 154. Determine b(2).
180
Let q(w) = 5*w**2 - 16*w - 77. Calculate q(-4).
67
Let c(t) = 22*t + 182. What is c(-8)?
6
Let a(w) = -11*w**3 + 7*w - 15. Calculate a(3).
-291
Let g(n) = 943*n - 5660. Determine g(6).
-2
Let x(c) = -c**2 + 7*c - 26. Determine x(7).
-26
Let b(p) = p**3 + 15*p**2 - 9*p + 73. Determine b(-16).
-39
Let x(j) = 10*j + 29. Calculate x(-9).
-61
Let r(o) = -2*o + 21. Calculate r(4).
13
Let u(j) = -5*j**2 - 9*j + 297. Give u(-11).
-209
Let n(k) = 67*k - 8252. Calculate n(119).
-279
Let q(r) = r**2 - 239*r - 4608. Calculate q(-18).
18
Let a(v) = -16*v - 606. Give a(-7).
-494
Let x(u) = -2*u**2 - 461*u - 4629. What is x(-220)?
-9
Let g(q) = 7*q**2 + 3*q + 12. What is g(5)?
202
Let o(a) = 665*a + 5980. Give o(-9).
-5
Let b(c) = c**2 - 14*c + 32. Calculate b(2).
8
Let u(o) = 31*o**3 - 3*o**2 + 5*o - 4. Calculate u(1).
29
Let q(o) = -o**3 + 6*o**2 + 131*o - 672. What is q(5)?
8
Let n(h) = 617*h - 6917. What is n(11)?
-130
Let b(f) = f**3 + 16*f**2 - 12*f - 25. Give b(-15).
380
Let d(j) = -1013*j - 2043. Give d(-2).
-17
Let l(m) = 2*m**3 - 470*m**2 + 930*m + 449. Calculate l(233).
-17
Let g(p) = p**3 - 13*p**2 + 6*p - 15. Calculate g(12).
-87
Let r(l) = -15*l + 368. Give r(23).
23
Let h(w) = w**2 + 346*w - 11662. Give h(31).
25
Let t(m) = 38*m + 881. Calculate t(-23).
7
Let z(f) = f**3 - 31*f**2 - 31*f - 23. What is z(32)?
9
Let k(z) = -z**3 + 31*z**2 + 83*z - 110. Give k(34).
-756
Let d(l) = -26*l**2 - 48*l + 3. What is d(-2)?
-5
Let j(w) = -354*w - 50279. Determine j(-142).
-11
Let y(k) = -4*k**3 + 56*k**2 + 13*k - 189. Give y(14).
-7
Let n(z) = -70*z**3 + z**2 - 17*z + 16. Calculate n(1).
-70
Let t(u) = -u**2 - 32*u + 1953. What is t(-63)?
0
Let b(t) = 635*t + 278764. What is b(-439)?
-1
Let z(d) = 79*d + 1883. Calculate z(-24).
-13
Let p(a) = 64*a. Determine p(4).
256
Let n(u) = 3*u**2 + 12*u + 11. What is n(-4)?
11
Let l(b) = -10*b - 270. Determine l(-8).
-190
Let n(p) = -9*p**2 - 319*p - 136. Determine n(-35).
4
Let p(m) = -2*m**2 + 168*m + 531. What is p(-3)?
9
Let u(l) = -l**3 + 76*l + 513. Determine u(-6).
273
Let k(q) = 11*q**2 - 81*q + 34. Give k(7).
6
Let g(k) = -k**3 - 16*k**2 + 3*k + 65. Give g(-16).
17
Let l(o) = -16*o**2 + 13*o - 1. Determine l(-3).
-184
Let s(o) = -94*o + 279. What is s(3)?
-3
Let g(d) = 16*d**2 - 2228*d + 565. Calculate g(139).
9
Let p(z) = -z**3 + 2*z**2 + 56*z - 110. Calculate p(2).
2
Let r(a) = a**3 + 45*a**2 - 246*a + 185. Calculate r(-50).
-15
Let l(y) = 282*y - 5094. Determine l(18).
-18
Let z(u) = -789*u - 1582. Determine z(-2).
-4
Let i(d) = -d**3 + d**2 - d - 236. What is i(0)?
-236
Let l(b) = 74*b - 3846. Determine l(52).
2
Let l(c) = -2*c**3 + 22*c**2 + 15*c - 71. What is l(10)?
279
Let q(y) = y**3 + 4*y**2 + 9*y + 30. Give q(-3).
12
Let q(v) = -16*v + 9. Calculate q(11).
-167
Let d(o) = 8*o**2 + 123*o + 41. What is d(-17)?
262
Let l(g) = -10*g - 169. Give l(-13).
-39
Let f(v) = -10468*v - 125634. Give f(-12).
-18
Let v(k) = -5*k**2 - 94*k - 307. Determine v(-4).
-11
Let v(k) = -14*k - 63. Calculate v(-25).
287
Let n(q) = -28*q**2 + 8*q + 214. Give n(3).
-14
Let j(v) = 64*v + 834. Calculate j(-13).
2
Let g(y) = -y**3 + 13*y**2 - 5*y - 17. What is g(7)?
242
Let j(i) = -i**3 - 13*i**2 - 18*i - 1. What is j(-1)?
5
Let j(t) = -t**3 - 30*t**2 - 23*t + 123. What is j(-29)?
-51
Let m(y) = 27*y**2 - 134*y - 12. Calculate m(5).
-7
Let x(i) = -2*i**3 + 33*i**2 - 144*i + 416. Give x(12).
-16
Let r(o) = 2*o**2 - 604*o + 44885. Calculate r(170).
5
Let o(k) = -2*k**2 + 41*k - 38. What is o(18)?
52
Let m(q) = 22*q**2 + 9*q - 14. Give m(2).
92
Let b(w) = 14*w**3 + 19*w**2 - 45*w + 17. What is b(2)?
115
Let g(j) = -23*j**2 - 327*j - 356. Calculate g(-13).
8
Let s(o) = 4*o**2 - 31*o + 17. What is s(7)?
-4
Let g(l) = 11*l**3 - 7*l**2 + 25*l - 19. Determine g(2).
91
Let n(h) = -h**2 + 28*h - 14. Give n(10).
166
Let n(q) = q**3 + 43*q**2 + 86*q - 130. Give n(-41).
-294
Let a(w) = 2*w + 62. Give a(19).
100
Let g(q) = -29*q - 68. Give g(-4).
48
Let r(k) = -k**2 - 15*k - 24. Give r(-10).
26
Let a(f) = -f**2 + 16*f - 28. Determine a(7).
35
Let a(y) = 493*y + 5428. Determine a(-11).
5
Let z(p) = p**3 + 8*p**2 + 13*p + 33. Calculate z(-6).
27
Let t(u) = 3*u**3 - 21*u**2 - 7*u + 40. Calculate t(7).
-9
Let y(f) = 6*f**2 + 53*f + 6. What is y(-11)?
149
Let d(q) = -q**2 + 39*q + 682. Calculate d(-13).
6
Let a(y) = -3*y**2 + 334*y - 2547. Determine a(8).
-67
Let h(p) = -115*p + 1035. Determine h(8).
115
Let n(o) = 13*o - 152. Calculate n(12).
4
Let u(s) = 14*s**2 + 81*s - 26. Give u(-6).
-8
Let f(u) = 36*u**2 - 62*u - 4. Calculate f(3).
134
Let a(t) = 44*t - 2020. What is a(46)?
4
Let n(u) = u**2 + 1009*u - 95355. Give n(87).
-3
Let x(j) = -j**3 - 2*j**2 + 32*j - 2. Determine x(-7).
19
Let y(b) = 19*b - 433. Determine y(39).
308
Let z(p) = -2339*p + 13. What is z(0)?
13
Let i(c) = 24*c**3 + 212*c**2 - 44*c - 64. Give i(-9).
8
Let y(p) = -36*p - 765. Determine y(-27).
207
Let g(n) = -n**2 + 38*n - 442. What is g(18)?
-82
Let h(m) = m**3 - 2*m**2 - 29*m + 27. What is h(-5)?
-3
Let t(x) = -x**2 - 37*x - 122. Give t(-10).
148
Let b(l) = 236*l**2 + 21*l + 20. What is b(-1)?
23